lculate the remainder when 140 is divided by c.
10
Suppose -158 = -9*m + 5*m + 2*w, 5*w = 2*m - 99. Calculate the remainder when 552 is divided by m.
34
Let y = 22 - -43. Let v = 602 + -580. What is the remainder when y is divided by v?
21
Let o = -2322 + 4047. Calculate the remainder when o is divided by 12.
9
Suppose 107*x + 96 = 109*x. Calculate the remainder when x is divided by (0 - -34)*1/2.
14
Suppose 4*p - 9*p = -2*k + 71, 4*k = -2*p + 202. Calculate the remainder when k is divided by 11.
4
Suppose -145 - 7 = -4*c. Suppose c = -7*w + 199. Let l(r) = -r**2 + 13. What is the remainder when w is divided by l(0)?
10
Suppose 3*u + 2*z = -z + 861, z + 283 = u. Calculate the remainder when u is divided by 35.
5
Suppose -5*w = -4*d - 7*w + 390, d + 3*w = 105. What is the remainder when d is divided by 53?
43
Suppose 0 = 2*t + 3*t. Suppose -y = y + 3*f - 2, t = -5*y - 3*f + 23. Let w(s) = 6*s + 3. What is the remainder when w(4) is divided by y?
6
Let c = 4 + -4. Let h(u) = u**3 + 15*u**2 - 3*u - 29. Calculate the remainder when 18*(10/6 - c) is divided by h(-15).
14
Let u be 0/(-11)*1/2. Let m(p) = -3*p**3 - p**2 + p + 1. What is the remainder when 50 + (2 - (u - 2)) is divided by m(-2)?
16
Let m(g) = 2*g**2 - 3*g - 18. Calculate the remainder when 406 is divided by m(5).
15
Let v = -80 + 93. What is the remainder when 62 is divided by v?
10
Suppose 4*z + 5*o - 845 = 0, z - 258 = -5*o - 43. Calculate the remainder when 218 is divided by z.
8
Suppose 3*u - 40 = -4*h + 3*h, -2*h + 80 = -2*u. Let i = 48 + -131. What is the remainder when h is divided by i/(-6) + ((-44)/(-24))/11?
12
Let v(m) = 2*m**3 + 11*m**2 - 3*m - 9. Suppose 2*y - y - 6 = 2*x, 5*x = 4*y - 9. What is the remainder when v(x) is divided by 11?
9
Calculate the remainder when 332/(-20)*5/(-1) is divided by 18.
11
Let v(n) = 41*n**2 + 5*n + 4. Let f be v(-1). Suppose -k + 105 = 5*q, 3*q - f = 2*q - 4*k. Calculate the remainder when 45 is divided by q.
5
Let z = 15 + -17. Calculate the remainder when (z + 3 - 0) + 13 is divided by 5.
4
Let u be (6/(-4))/(11/(-110)). Calculate the remainder when u/(-2)*18/(-15) is divided by 2.
1
Suppose -58*o + 54*o = a - 47, 0 = 2*a - 4*o - 70. What is the remainder when a is divided by 13?
0
What is the remainder when 531 is divided by 4/6 + 1485/81?
18
Suppose 4*h - 470 = 170. Suppose 0 = 3*w - 95 - h. Calculate the remainder when w is divided by 22.
19
Let i(r) = 4*r + 8. Let v(z) = 2*z + 4. Let t(o) = -2*i(o) + 5*v(o). Suppose 0 = -3*c + 15 - 6. Calculate the remainder when 18 is divided by t(c).
8
Suppose 3*i + 3*i = 30. Suppose -i*r = -12*r + 112. What is the remainder when 47 is divided by r?
15
Suppose 1895 = -109*y + 114*y. What is the remainder when y is divided by 35?
29
Let i(n) = n**3 - 5*n**2 + 5*n + 5. Let v = 18 - 13. Calculate the remainder when ((-6)/(-3))/(3/87*1) is divided by i(v).
28
Let i be -1*(-4)/(-2) - (-8 - 69). Suppose -2*c + 51 - 7 = 4*g, 3*g - i = -3*c. What is the remainder when 81 - 0 - -2*1 is divided by c?
27
Suppose 5*v - 158 = -f, 4*v - 3*f + 31 = 146. What is the remainder when 278 is divided by v?
30
Suppose -m + 18 = d, 2*d + 2*m = -3*d + 105. What is the remainder when 502 is divided by d?
19
Let v(o) = -o**2 + 2*o + 6. Suppose -23 = -3*m - 2. Calculate the remainder when m is divided by v(0).
1
Let o = 5 + -3. Suppose 18*a = 57 + 141. Suppose o*s + a = 27. What is the remainder when 23 is divided by s?
7
Suppose 3022*z = 3016*z + 156. Suppose -b + 17 = 2*b - 4*a, -2*b + 8 = -a. Suppose b*q - 70 = -2*q. Calculate the remainder when z is divided by q.
12
Let r(b) = b - 21. Let m be r(23). Calculate the remainder when ((-2)/(-4))/((-2)/(-12)) is divided by m/(-6)*2*-3.
1
Let w(u) = -45*u**3 + 6*u**2 + 7*u + 2. What is the remainder when w(-1) is divided by 22?
2
Let w be 342/72 + (-2)/(-8). Calculate the remainder when 66 + (7 - w) + -4 is divided by 33.
31
Suppose 5*t + a - 22 = 58, 0 = -a. What is the remainder when 431 is divided by t?
15
Suppose 0 = -2*o + 3*r + 33, 4*o = 5*o - 5*r - 20. What is the remainder when 54 is divided by o?
9
Suppose 0*i - 15 = -5*i. Suppose 3*w + i*h - 13 = 8, 0 = -3*h. What is the remainder when 27/((-1)/((-1)/1)) is divided by w?
6
Let o = -3 - -5. Suppose -8*f + 27 + 5 = 0. Suppose -3*z + f*q = -0*z - 17, -8 = -z - q. Calculate the remainder when z is divided by o.
1
Suppose 2*u + 3*a - 1 - 25 = 0, -3*a = 0. Let s = 11 + -16. Let l(q) = -q. Calculate the remainder when u is divided by l(s).
3
Suppose 284*i - 594 = 282*i. What is the remainder when i is divided by 50?
47
Suppose -l = -5*l + 20. Suppose -12 = 3*x - l*x. What is the remainder when 17 is divided by x?
5
Let w(n) = -3*n**2 - 3*n + 1. Let b be w(-4). Let i = -23 - b. What is the remainder when 3*(592/i)/4 is divided by 8?
5
Let h(s) = 12*s - 81. What is the remainder when 92 is divided by h(9)?
11
Suppose -77 = -15*b + 58. What is the remainder when 247 is divided by b?
4
Let p(s) = s**3 + 22*s**2 - 62*s + 47. What is the remainder when p(-24) is divided by 24?
23
Suppose 5*y = -5*a - 720, y = -2*a + 4*a + 273. Let x = a + 206. Suppose 0*d - 68 = -4*d. What is the remainder when x is divided by d?
16
Let a(d) = 13*d**2 + 4*d - 3. Let i be (4/(-2))/(-2) + 0. What is the remainder when 75 is divided by a(i)?
5
Suppose 0 = y - 0*y - 1. Suppose h + y = 3. Suppose -h*l + 144 = 4*l. Calculate the remainder when 47 is divided by l.
23
Let a(h) = h**3 - 7*h**2 + 6*h - 3. Let k be a(4). Let s be 40 + 2 - (9 - 14). Calculate the remainder when 9 is divided by s/9 - (-6)/k.
4
Let b(r) = 24*r - 1. Suppose -a + 5*w - 55 = -6*a, 0 = 2*a + 3*w - 24. Suppose a*i - 290 = 322. What is the remainder when i is divided by b(1)?
22
Let g be (-20)/(-6)*27/18. Suppose 2*v + 45 = f, -4*f = -g*f - 2*v + 33. Calculate the remainder when f is divided by 14.
11
Let d = 236 - 189. What is the remainder when d is divided by 30?
17
Let x(d) = -3*d - 15. Let a be x(-6). Suppose -a*y = -8*y + 20. Let f(h) = 8*h - 9. What is the remainder when f(y) is divided by 8?
7
Let b(m) = -18*m - 2. What is the remainder when b(-2) is divided by 7*((-80)/(-28) + -2)?
4
Let p(b) be the first derivative of -b**4/4 - 14*b**3/3 + b**2 + 33*b - 5. Calculate the remainder when 33 is divided by p(-14).
3
Let b(a) = 1. Let w(x) = 3*x + 13. Let f(n) = 5*b(n) - w(n). Calculate the remainder when f(-6) is divided by 1/(-2 + 18/8).
2
Suppose -4*r - 3*b + 457 = 0, -16 + 28 = 4*b. Calculate the remainder when 194 is divided by r.
82
Calculate the remainder when (43/(-129))/(1/(-771)) is divided by 40.
17
Let i(k) = 3*k**3 - 2*k**2 + 2*k + 1. Let d = -18 - -35. Let p = -15 + d. What is the remainder when 83 is divided by i(p)?
20
Let z(j) = -j**2 - j + 2. Let r be z(-2). Suppose 5*v - 225 + 40 = r. What is the remainder when v is divided by (-4)/((-16)/64 + (-4)/16*1)?
5
Let o be (20/6 + -2)/(9/108). Calculate the remainder when o/(-32) + 94/4 is divided by 13.
10
Suppose -8 = i + 3*r, 5*r - 2 = -i - 12. Calculate the remainder when 26 is divided by ((-12)/4 - i)*7.
12
Let d be (-2)/9 + 3196/(-36). Let z = d + 99. What is the remainder when 37 is divided by z?
7
Suppose 0 = 4*t + 22 - 70. What is the remainder when 18 is divided by t?
6
Suppose 3*s = -0*s - 9. Let m = 8 + s. Suppose 26 = m*v - 2*f - 7, 2*v - 16 = -2*f. What is the remainder when 13 is divided by v?
6
Let g be 1 - -1 - (5 + -16). Suppose y = -4*s - g, -2*s = 3 + 7. What is the remainder when 19 is divided by y?
5
Let w be -8 + 7/(14/8). Let o(s) = s**3 + 7*s**2 - 4*s - 1. Calculate the remainder when o(w) is divided by 16.
15
Suppose 210 - 65 = 5*u + d, -2*u + 66 = 2*d. Suppose 2*w - 90 = -u. Calculate the remainder when w is divided by 16.
15
Suppose 2*a - 246 = -4*f, -7*a = -6*a + 5*f - 138. Calculate the remainder when a is divided by 47.
19
Suppose u = -2*u + 3, -4*i + 4*u = -20. Suppose 3*y + i = -0*y. Calculate the remainder when 37 is divided by 1/(y - 39/(-19)).
18
Let g = 14 + 0. Let n = 664 - 623. Calculate the remainder when n is divided by g.
13
Let u(l) = -6*l**3 - 2*l**2 + 2*l + 3. Let f = 1524 - 1371. Calculate the remainder when f is divided by u(-2).
36
Let w(l) = 8*l + 24. What is the remainder when w(9) is divided by 9?
6
Let j(u) = 109*u. What is the remainder when j(2) is divided by 